 9, what is 573 - -350458?
351142
In base 14, what is -a82d8b + 2b?
-a82d60
In base 14, what is c - 85615a?
-85614c
In base 6, what is 1115 - -2424405?
2425524
In base 6, what is 5551342435 - 5?
5551342430
In base 9, what is -8040823 + -4?
-8040827
In base 14, what is 3303b08d + -4?
3303b089
In base 3, what is 11001102 + -220000?
10011102
In base 8, what is 13 - -24676314?
24676327
In base 16, what is 8 + 269690?
269698
In base 10, what is -589956 + 30?
-589926
In base 16, what is -532670c - -1?
-532670b
In base 5, what is -3111 - 411141?
-414302
In base 13, what is -3318bc + -2?
-3318c1
In base 2, what is 10001000100011000 + 1101010010?
10001010001101010
In base 10, what is -4 - -816882?
816878
In base 9, what is -1 - -187700427?
187700426
In base 6, what is 10130 - 5110?
1020
In base 12, what is 24684 - 3?
24681
In base 12, what is -35 - -1304759?
1304724
In base 11, what is -13463633 - -5?
-13463629
In base 3, what is -12111211202 - 1002?
-12111212211
In base 12, what is 1096438 - -37?
1096473
In base 3, what is 20011 - 10021120102121?
-10021120012110
In base 9, what is 324 - 11055?
-10631
In base 3, what is 121 + 1000200222010?
1000200222201
In base 13, what is 100 + -17b04?
-17a04
In base 13, what is -2 - -2aa625b?
2aa6259
In base 5, what is -21310234131 - -3?
-21310234123
In base 5, what is -4 - 420100344022?
-420100344031
In base 10, what is 17 - 1068427?
-1068410
In base 15, what is 31 - -15ee4?
16025
In base 10, what is -2533935 - -5?
-2533930
In base 10, what is 996700 - 2?
996698
In base 3, what is -21221121020011 + -10?
-21221121020021
In base 3, what is -102100120220 + -10111?
-102100201101
In base 10, what is -12 - -3792722?
3792710
In base 7, what is -20 - -45622641?
45622621
In base 8, what is -1776353 - -21?
-1776332
In base 14, what is -6cd0 + -90?
-6d80
In base 3, what is -1202012 - -1220010021?
1211101002
In base 6, what is -123 - 541321503?
-541322030
In base 6, what is 4121 - 5103351?
-5055230
In base 5, what is -14 + 13441444204?
13441444140
In base 11, what is -6 - -2666a939?
2666a933
In base 15, what is -42c941 - -1d9?
-42c757
In base 16, what is -1ba2 + 2d?
-1b75
In base 11, what is -5 - 2898197?
-28981a1
In base 6, what is 13023 + -105213?
-52150
In base 4, what is 121231021 - 131322?
121033033
In base 8, what is 124063 + 22301?
146364
In base 3, what is 1120001011120 - -1?
1120001011121
In base 9, what is 550 + -10846?
-10286
In base 8, what is 117610 - -37742?
157552
In base 7, what is 135624 - 1015?
134606
In base 13, what is 122 - -508?
62a
In base 10, what is -79409 + -26?
-79435
In base 16, what is -23c40ea0 - 0?
-23c40ea0
In base 6, what is 1001033415 + 2?
1001033421
In base 12, what is -1615 + 7533b?
73926
In base 8, what is 15 - 442161?
-442144
In base 7, what is 21421034 + 325?
21421362
In base 6, what is -1443 + 12132424?
12130541
In base 11, what is -122 + 93685?
93563
In base 11, what is 218a44641 - -3?
218a44644
In base 3, what is 112010202101010 - 10?
112010202101000
In base 10, what is 1272949 - 8?
1272941
In base 14, what is -378a5 - -519?
-3738a
In base 12, what is 1301 - 34663?
-33362
In base 11, what is 90027 - 121?
8aa06
In base 8, what is 11154 + -5407?
3545
In base 12, what is -52339 - -a?
-5232b
In base 12, what is 906a0 + -5?
90697
In base 6, what is -4553342 - 21?
-4553403
In base 12, what is -5 + -44339?
-44342
In base 11, what is -5 + -1875445?
-187544a
In base 6, what is 5 - 12015015045?
-12015015040
In base 4, what is -23133202100210 + 3?
-23133202100201
In base 11, what is 4952 - 215a?
27a3
In base 4, what is 10012 + -13123330?
-13113312
In base 14, what is 5ac04 + -94?
5ab50
In base 14, what is cd2b5c - -4?
cd2b62
In base 9, what is 4043080 - -3?
4043083
In base 8, what is -21477 + 35176?
13477
In base 16, what is 17ad3f - 1?
17ad3e
In base 7, what is 16211025325 + 2?
16211025330
In base 4, what is 312110133310 + -3?
312110133301
In base 7, what is -2064164 + 312?
-2063552
In base 5, what is 141123413033 - -2?
141123413040
In base 10, what is -861224 - -34?
-861190
In base 12, what is -2b2aa + -b4?
-2b3a2
In base 9, what is 210 - -128576?
128786
In base 10, what is -11 - -8603687?
8603676
In base 2, what is -100 + -1001001001101000101111011?
-1001001001101000101111111
In base 10, what is -1788791 - -7?
-1788784
In base 16, what is -61e - 1943?
-1f61
In base 5, what is 114322203343 + 0?
114322203343
In base 4, what is 1212203003 - 12?
1212202331
In base 5, what is 132 + 11114401112?
11114401244
In base 13, what is -2b7b3 + 247?
-2b569
In base 14, what is -5b18c88 + -9?
-5b18c93
In base 7, what is 1603 + -112445?
-110542
In base 14, what is -458 - a592?
-aa0a
In base 7, what is 521 - 2044552?
-2044031
In base 11, what is -150aa61 - -14?
-150aa48
In base 6, what is -11502203 - 2?
-11502205
In base 13, what is -1002 - 3761?
-4763
In base 13, what is 5a6c4 - 1a?
5a6a7
In base 8, what is 4651520 - -14?
4651534
In base 6, what is -10142520212 - 42?
-10142520254
In base 5, what is -14112021114 - 2?
-14112021121
In base 6, what is -30 - -5422234323?
5422234253
In base 2, what is 110001100110011101 + -101010110110?
110000111011100111
In base 4, what is -301121001301 - 1?
-301121001302
In base 11, what is -126 + 3413?
3298
In base 13, what is -7 - 2ac7b?
-2ac85
In base 10, what is 3 + 1255464?
1255467
In base 11, what is 3 + 785a168a?
785a1692
In base 10, what is -8949 - -8394?
-555
In base 3, what is 11200102 + -1222121?
2200211
In base 15, what is -271b8 - 8a8?
-27a71
In base 9, what is -7540 - -2031?
-5508
In base 4, what is -33213 + 22123?
-11030
In base 13, what is -c + -825b0?
-825bc
In base 13, what is -39172 - 2b?
-391a0
In base 13, what is -8b2075 - -3?
-8b2072
In base 3, what is 20000 - -220120001121?
220120021121
In base 7, what is -5 + -1321036321?
-1321036326
In base 10, what is 130978 - -276?
131254
In base 6, what is -21412 + 230512?
205100
In base 5, what is 1101130100204 + -2?
1101130100202
In base 10, what is 78188253 - 5?
78188248
In base 4, what is -10102013 + 23203?
-10012210
In base 8, what is 507 - -13756?
14465
In base 8, what is 323 - -640470?
641013
In base 16, what is -1f0aa + -b1?
-1f15b
In base 3, what is 2200210 + 2011110?
11212020
In base 9, what is 2470572 - -12?
2470584
In base 6, what is 31 - 4325045?
-4325014
In base 11, what is -14 + 1711918a?
17119176
In base 5, what is -3 + 110411133?
110411130
In base 3, what is 10201022122 - -20120?
10201120012
In base 12, what is -1 - 15325485?
-15325486
In base 7, what is -63215221 - 141?
-63215362
In base 7, what is 155 + -10506223?
-10506035
In base 15, what is 485 - -6eb?
b81
In base 10, what is -393514 + 3?
-393511
In base 2, what is -1101000111001 - 10000000?
-1101010111001
In base 9, what is 4671062 - -41?
4671113
In base 9, what is -1 - 41554822?
-41554823
In base 16, what is -b791e - -4b6?
-b7468
In base 2, what is 111000100010100101010 + 11?
111000100010100101101
In base 11, what is 38 - -24309?
24346
In base 14, what is -353 - 49305?
-49658
In base 10, what is 2 + 43801314?
43801316
In base 16, what is 2b001acc + 3?
2b001acf
In base 10, what is -99960 - 56?
-100016
In base 3, what is -1111212211022022 - 102?
-1111212211022201
In base 10, what is 380417 - -594?
381011
In base 11, what is -260 - -120722?
120472
In base 15, what is 22 + 5c8e2?
5c914
In base 10, what is -71054 - 17?
-71071
In base 7, what is -262460 + 1454?
-261003
In base 15, what is -18 - 594da?
-59503
In base 4, what is 3 - -21003013201?
21003013210
In base 7, what is 1331025 - 44?
1330651
In base 9, what is -72 - 1245?
-1327
In base 10, what is -825 + -347877?
-348702
In base 13, what is 3 + -a331c6?
-a331c3
In base 6, what is -2011511512 - 1?
-2011511513
In base 6, what is -223525 - 41044?
-305013
In base 13, what is -2aa - 30a9?
-3386
In base 12, what is -50106 - -43?
-50083
In base 3, what is 102 - -10211100100002?
10211100100111
In base 15, what is -4a36d - -b?
-4a362
In base 2, what is -10111101000000 - -101100101?
-10110111011011
In base 4, what is 23 - 213033201?
-213033112
In base 2, what is -10101 - 110000110000011100001100?
-110000110000011100100001
In base 2, what is 11110010100010 - 111101?
11110001100101
In base 13, what is -c - 1734963?
-1734972
In base 15, what is 24 + -26723?
-266ee
In base 3, what is -21121212 - -1020201?
-